t is 145524 - 3?
145521
In base 14, what is -4d + 839?
7ca
In base 9, what is -31707 - 36?
-31744
In base 15, what is 2 - 24d5?
-24d3
In base 7, what is 1 - 364162?
-364161
In base 9, what is -57134 - -44?
-57080
In base 13, what is 167 - -1454?
15bb
In base 5, what is 2030112 - 3?
2030104
In base 16, what is -31b + -43?
-35e
In base 16, what is c + -1e9a?
-1e8e
In base 13, what is 298 + -1?
297
In base 3, what is 1012220 + -10002?
1002211
In base 15, what is 4bbd6 + 3?
4bbd9
In base 15, what is -1 - -318?
317
In base 3, what is 22001210002 - 20?
22001202212
In base 12, what is 3 - -23505?
23508
In base 14, what is 1431 - -7?
1438
In base 11, what is 5a1839 + 3?
5a1841
In base 2, what is -110 + 10001100110011010?
10001100110010100
In base 8, what is -42056 - 153?
-42231
In base 15, what is -d353d - 4?
-d3542
In base 14, what is 171b3c - 2?
171b3a
In base 7, what is -233 - 1645?
-2211
In base 2, what is 10101000011000 + 0?
10101000011000
In base 14, what is 0 + -5021?
-5021
In base 13, what is -5 - 30a13?
-30a18
In base 3, what is 1212 - -110211?
112200
In base 5, what is -4 + -33213432?
-33213441
In base 12, what is -14 + 689?
675
In base 10, what is -180 + 250?
70
In base 15, what is -1d - 70e?
-72c
In base 10, what is -2665 - -361?
-2304
In base 7, what is -502403 + -20?
-502423
In base 11, what is -25 + -129a?
-1314
In base 5, what is -3 - -1011103?
1011100
In base 12, what is 2208767 - 2?
2208765
In base 12, what is -4b + -3b92?
-4021
In base 5, what is -11004421 + 0?
-11004421
In base 8, what is -775563 - 5?
-775570
In base 15, what is 3346 - 5?
3341
In base 3, what is 1220 - -112002?
120222
In base 9, what is 37 - 3214?
-3166
In base 16, what is 118a8 - 2?
118a6
In base 10, what is 1076 - -29?
1105
In base 3, what is -2 + -1002000110101?
-1002000110110
In base 9, what is 13827 - 27?
13800
In base 5, what is 3142 + 244?
3441
In base 16, what is 2f607 - -1?
2f608
In base 2, what is -100011111 + -1001111?
-101101110
In base 14, what is 3 - 5ad0?
-5acb
In base 3, what is 10 - 120011101?
-120011021
In base 8, what is -77 - -5657?
5560
In base 14, what is 29 - -4cd?
518
In base 6, what is -214202 - -1?
-214201
In base 8, what is -5527 + 21?
-5506
In base 9, what is -11 + -250554?
-250565
In base 4, what is -20033 + 2002?
-12031
In base 6, what is 202111 + -4?
202103
In base 15, what is 1e - -10?
2e
In base 15, what is -314 + 1e?
-2e5
In base 12, what is 177 - -b4?
26b
In base 11, what is 4637 - -575?
5101
In base 5, what is 1 + -4231241?
-4231240
In base 12, what is 3 - -14b80?
14b83
In base 5, what is 124444 + -12?
124432
In base 16, what is -34 - 2a7?
-2db
In base 14, what is 4 + 11a8?
11ac
In base 6, what is 433 - 1454?
-1021
In base 14, what is 144 + -a7?
7b
In base 10, what is -401251 + -2?
-401253
In base 3, what is 2112 - 2110102?
-2100220
In base 3, what is -1 - 1222120022?
-1222120100
In base 14, what is -78 + 3a6a?
39d2
In base 6, what is 12232353 - -2?
12232355
In base 12, what is 16662 - -1?
16663
In base 3, what is -2000 - -1011010?
1002010
In base 16, what is -1787e - -2?
-1787c
In base 11, what is -564320 - 1?
-564321
In base 8, what is -33630 - -17?
-33611
In base 8, what is 6 + 1772?
2000
In base 15, what is 11a120 + -3?
11a11c
In base 11, what is -87aa9a + 1?
-87aa99
In base 13, what is 3 + 1180?
1183
In base 14, what is 700 - 362?
37c
In base 2, what is -1010111100011100100 + 0?
-1010111100011100100
In base 4, what is 3231 - -13111?
23002
In base 8, what is -22 - -112575?
112553
In base 14, what is -4 - 10a?
-110
In base 7, what is 40425 - 13?
40412
In base 5, what is 1121 + -4042?
-2421
In base 3, what is -11100112 - 0?
-11100112
In base 7, what is -23641 - -21?
-23620
In base 9, what is -7 - 63447?
-63455
In base 12, what is 14 + -82832?
-8281a
In base 7, what is -303 - -125046?
124443
In base 2, what is 110011001010000 - -10?
110011001010010
In base 7, what is -106461 + 111?
-106350
In base 7, what is -11060 + 11?
-11046
In base 12, what is 0 - 14a10?
-14a10
In base 4, what is 2313303 - 213?
2313030
In base 7, what is 10136 - -3?
10142
In base 2, what is -101 - 10010010010000?
-10010010010101
In base 3, what is 1002 - -2001102202?
2001110211
In base 12, what is 4 + b1b0?
b1b4
In base 16, what is -84 - -3f0?
36c
In base 16, what is 1 - 30f92?
-30f91
In base 9, what is -100010 - -1?
-100008
In base 8, what is -2242362 - -6?
-2242354
In base 12, what is -2a15aa - -2?
-2a15a8
In base 16, what is 75af5 - -3?
75af8
In base 13, what is -4a - -29b?
251
In base 10, what is -693 + 876?
183
In base 2, what is -1010101 + -1011001101?
-1100100010
In base 5, what is -1 + -2140212?
-2140213
In base 15, what is -3 - 16b2d?
-16b31
In base 14, what is -39 - 268?
-2a3
In base 10, what is 15 - -2761?
2776
In base 12, what is 6a568 + 3?
6a56b
In base 16, what is -1771 - 6?
-1777
In base 10, what is -3 - -66788?
66785
In base 7, what is -20161 + 36?
-20122
In base 5, what is 2 - 130141211?
-130141204
In base 11, what is 42 + -297a2?
-29760
In base 8, what is 20 - -4030?
4050
In base 5, what is 4 - 20143204?
-20143200
In base 14, what is 4d82 - 4?
4d7c
In base 12, what is 1 - -3291?
3292
In base 4, what is 310112 + -21?
310031
In base 15, what is 0 - -231?
231
In base 2, what is 1000000010101100001 - -1000?
1000000010101101001
In base 3, what is 10200 - 2111?
1012
In base 11, what is -11a + -4145?
-4264
In base 7, what is -2425 + 126?
-2266
In base 16, what is 2 + -10e19?
-10e17
In base 13, what is -2 - 97700?
-97702
In base 7, what is 11 + -150033?
-150022
In base 7, what is -20 + -3353?
-3403
In base 7, what is -225112 - -1?
-225111
In base 3, what is 20011112 + 0?
20011112
In base 2, what is 101 + -111000011111110?
-111000011111001
In base 6, what is -5051 + -3000?
-12051
In base 9, what is 2363 + -302?
2061
In base 8, what is -66572 - 5?
-66577
In base 14, what is 491 - -a43?
10d4
In base 13, what is 527c8 + 3?
527cb
In base 12, what is b6282 + -5?
b6279
In base 15, what is 5 - -e529?
e52e
In base 14, what is -55 + 1060?
1009
In base 13, what is -30 - -886?
856
In base 5, what is -10 + 332?
322
In base 9, what is -2 - 475047?
-475050
In base 15, what is -68d19 - 1?
-68d1a
In base 5, what is -10 - 4420433?
-4420443
In base 14, what is -649377 - 1?
-649378
In base 13, what is 3c446 + -2?
3c444
In base 7, what is 365 + -32?
333
In base 3, what is 211110120212 - 10?
211110120202
In base 11, what is 1295 + 6?
12a0
In base 5, what is -3310 - 1102?
-4412
In base 5, what is 4 - 220310?
-220301
In base 4, what is -120011121 - 103?
-120011230
In base 10, what is -887 - -359?
-528
In base 16, what is -ac0 + 19f?
-921
In base 6, what is -1234002 + -3?
-1234005
In base 6, what is 42150 + -153?
41553
In base 9, what is 1130 - 61?
1058
In base 4, what is 202030102 + -12?
202030030
In base 10, what is -4862 - -3?
-4859
In base 11, what is -34 + -2144?
-2178
In base 3, what is 11001012220212 + -2?
11001012220210
In base 13, what is -aa54 + -4?
-aa58
In base 14, what is b4c2a - 1?
b4c29
In base 8, what is -567 - -20030?
17241
In base 7, what is 141561 - 1?
141560
In base 12, what is -5443 - 300?
-5743
In base 16, what is -16 - b8?
-ce
In base 7, what is -15 - 60023?
-60041
In base 16, what is 1c69 + -cd?
1b9c
In base 3, what is -1212002210 + -111?
-1212010021
In base 6, what is 1401 + -353?
1004
In base 2, what is 1 + 100111101110100011?
100111101110100100
In base 15, what is -3d - -90?
52
In base 2, what is 101111010011100 + -101?
101111010010111
In base 14, what is 17d14b - 4?
17d147
In base 12, what is -29 - -6950?
6923
In base 3, what is -11120111011 + 212?
-11120110022
In base 4, what is -12000333 + 0?
-12000333
In base 16, what is -2c47 - 28?
-2c6f
In base 6, what is 30 + 2452?
2522
In base 2, what is -11 + -100101011000010?
-100101011000101
In base 5, what is -120 - 321312?
-321432
In base 4, what is -13212200 + -132?
-13212332
In base 9, what is -4 - 28031?
-28035
In base 14, what is 3d04 + 0?
3d04
In base 14, what is -6a3 + a30?
36b
In base 12, what is 4 - 64a2?
-649a
In base 6, what is -4203251 + 2?
-4203245
In base 5, what is 143334222 + -3?
143334214
In base 13, what is -1151ca + -3?
-115200
In base 7, what is 34156 - 242?
33614
In base 8, what is 5 + -14720?
-14713
In base 11, what is -189041 - 2?
-189043
In base 9, what is 33300 + -43?
332